rivative of x**7/2520 - x**6/240 + x**5/40 + x**4/3 - x**3/3 - 6*x**2. Let g(l) be the second derivative of j(l). What is g(2)?
1
Let y(n) = 2*n**3 + 4*n**3 - 8*n**2 + 55 - 5*n**3 - n**2 - 27 + 2*n. Determine y(8).
-20
Let n(s) = s**2 + s. Let q be n(-2). Let r(g) = -95*g**3 + 50*g**3 + g + 43*g**3 + g**q. Give r(-1).
2
Let m(a) = -6 + 3*a**2 - 25 - 1 - 2*a**2 + 12 + 3*a. Calculate m(-9).
34
Suppose -8*l + 7*l + 30*l + 232 = 0. Let o(j) = -j**3 - 7*j**2 + 12*j + 14. What is o(l)?
-18
Let k(b) = -2*b**2 + 12*b - 11. Let i be -2 - 1/((-7)/11) - 3068/(-413). Give k(i).
-25
Suppose -35 = -6*a - 5. Let v(z) = 1 + 6*z**2 - 289*z**3 + 2*z + 290*z**3 - a. What is v(-4)?
20
Suppose 5*w = -5*x, -x = -x - 279*w + 280*w. Let t(a) = -a + 6. Let q be t(4). Suppose q*m - 4*m + 4*m = x. Let z(u) = -u**3 - u**2 + 8. What is z(m)?
8
Let s(y) = -y + 14. Let j be (-6)/(-4) - (-23)/2. Let q be s(j). Let b(o) = 43*o - 2. Let k(r) = 21*r - 1. Let v(z) = -3*b(z) + 7*k(z). Determine v(q).
17
Let h(n) = -2*n**3 - 63*n**2 + 26*n - 222. Let q be h(-32). Let u(j) = -j**2 - 26*j + 64. Determine u(q).
-56
Suppose 3 = 2*z + 1. Suppose -z = -v + 2. Let b(u) = -423*u - 1145*u**2 + 2 + 1146*u**2 + 423*u. Determine b(v).
11
Let m(y) = -2 - 17*y + 38*y - 17*y - 14*y. Let r be ((-2)/6)/((-8)/48). What is m(r)?
-22
Let t(o) = 2*o**2 + 2*o - 4. Suppose -3*l = -4*l - b - 359, l = -2*b - 357. Let x = 365 + l. Calculate t(x).
36
Suppose -9*q - 2*u - 22 = 0, 5*u + 8 = q - 0. Let t(v) be the second derivative of -1/10*v**5 - 6*v - 1/12*v**4 - 1/3*v**3 + 0 + 1/2*v**2. What is t(q)?
17
Let a(s) be the first derivative of 2*s**2 - 177*s - 690. Calculate a(42).
-9
Let u = 885 - 873. Let y(j) = 9*j**2 - 109*j + 14. Calculate y(u).
2
Let f(c) be the first derivative of -7*c**5/120 - c**4/24 + 149*c**3/3 - 7. Let i(u) be the third derivative of f(u). Give i(-1).
6
Let c = 32448 + -32430. Let b(x) be the third derivative of -x**4/8 + 59*x**3/6 + 7*x**2. Give b(c).
5
Let f(y) = -6*y**2 - y - 13. Let s(u) = -5*u**2 - u - 12. Suppose 5*g = -0*n - 2*n - 2, 0 = 5*n - 4*g - 28. Let k(z) = n*f(z) - 5*s(z). Give k(0).
8
Let p(o) be the first derivative of -o**4/4 + o**3/3 - 3*o**2/2 + o + 4. Let w = 41 + -41. Suppose g = -w*v + 4*v + 6, -g + 2*v + 4 = 0. Determine p(g).
-9
Let g(a) = -5*a - a**3 - 673 + 129*a**2 - 131*a**2 + 623. What is g(-4)?
2
Let c = -2630 - -2624. Let n(i) = i**3 + 5*i**2 - 8*i - 11. Determine n(c).
1
Let t = -30 + 46. Let m(q) = -22*q + 20*q - t + 15. Let x be 2/4 - (-5)/2. Give m(x).
-7
Let r(x) = 2*x**3 + 4*x**2 + 4*x + 2. Suppose -m + 213 = l + 4*l, 0 = -3*l - 3*m + 135. Let t be 6/(452/(-88) - -5). Let z = l + t. Calculate r(z).
-6
Let v(y) = -y**3 - 22*y**2 + y + 29. Let p be v(-22). Let o(c) = -c**3 + 8*c**2 + 4*c - 2. Let w(h) = h**2 - 1. Let z(f) = o(f) - 2*w(f). What is z(p)?
-21
Let k(o) = -2*o**2 + 10*o - 3. Let a(i) = -2*i**2 + 11*i - 2. Let u(m) = -8*a(m) + 7*k(m). Give u(5).
-45
Let u(c) = c - 6. Let g(d) = -d + 4. Let f(p) = g(p) - u(p). Let s(i) = 5*i - 21. Let v(x) = 7*f(x) + 3*s(x). What is v(-5)?
2
Let j(k) = 2*k**2 - 3*k + 2. Let f be (-10)/5 - (-14 - -9). Suppose 0 = 8*o - 11 + f. Calculate j(o).
1
Suppose 3*h = 4*h - 4, 4*d - 272 = h. Let i = d + -72. Let k(x) = x - 1. What is k(i)?
-4
Suppose -2*x = -5*z + 1, 2*x - z + 2*z - 5 = 0. Suppose 0 = p + x - 7. Let m(u) = 8*u**2 + 0*u**3 + u - 205 + u**3 + 199 + p*u. Calculate m(-7).
1
Let s(g) = -2*g**2 + 2. Let i(w) = -5*w + 88. Let q be i(17). Determine s(q).
-16
Let j(u) = u**3 + 19*u**2 - 10*u. Let i be j(-9). Let f = 1363 - i. Let k(z) = -15*z**2 - f + z + 463. Calculate k(1).
-14
Let j(u) = 57*u**2 + 15*u + 3. Let l(h) = -32*h**2 - 7*h - 2. Let c(t) = -4*j(t) - 7*l(t). Give c(-2).
8
Let i(x) = -2*x**2 + 2*x - 2. Let l = 2860 - 2859. What is i(l)?
-2
Let u(o) = -6*o**2 - 108*o + 371. Let s be u(-21). Let g(l) = 6*l**2 + 44*l + 11. Give g(s).
-3
Let o(r) = -r**3 - 11*r**2 - 2*r - 15. Let a be o(-11). Let u(j) = a + 158*j + 152*j - 20 - 309*j. Determine u(15).
2
Let d be 0/((-16)/(-4))*-1. Suppose 13*a - 10*a - 12 = d. Let z(w) = a*w - 35*w**2 + w + 37*w**2 - 3. What is z(-4)?
9
Let l = 579 + -579. Let z(t) = -4 - 3*t + 3*t**2 + l + 3*t - 2*t**2 - 2*t. What is z(3)?
-1
Let h(u) = -u - 14. Suppose -t + 3 = 0, 6 = 5*v + t - 17. Suppose -151 = -3*j + 6*l - l, -l = -v*j + 224. Let c = -68 + j. What is h(c)?
-3
Let b(a) = a**2 - 7*a. Let p(r) = -r**3 - 27*r**2 - 27*r - 26. Suppose -4*c - 80 - 24 = 0. Let i be p(c). Let y be 0 - (1 - i)*-5. Give b(y).
-10
Let u = -25 + 130. Let l(t) = t**2 - 216*t + u*t + 5 + 105*t. Calculate l(6).
5
Let r(v) be the third derivative of -v**6/120 - 17*v**5/60 - 2*v**4/3 + 7*v**3/3 + 876*v**2 + 2. Determine r(-16).
14
Let k = -2544 - -2520. Let o(g) = -2*g - 39. Give o(k).
9
Let y(h) be the second derivative of -13*h**5/10 - h**3/2 - 2*h**2 - 137*h - 6. Determine y(-1).
25
Let c(k) = -10*k - 17. Let h be (-6)/(-4)*40/(-12). Let x(f) = 12*f + 15. Let o(r) = h*c(r) - 4*x(r). Determine o(-17).
-9
Suppose 12*k - 551 = -24*k - 47. Let z(f) be the second derivative of -k*f + 0 - 1/2*f**2 - 1/12*f**4 - 1/3*f**3. What is z(-3)?
-4
Let w(n) = -n**3 + 8*n**2 + 7*n + 5. Suppose 0 = 43*a - 38*a - 45. Let x(s) = -4*s**3 + 34*s**2 + 28*s + 20. Let m(j) = a*w(j) - 2*x(j). What is m(6)?
-25
Suppose 3*u - 9 = 4*n, 11*n - 10*n - 38 = -5*u. Let x(o) be the first derivative of 1/4*o**4 - 2*o**2 + 28 - n*o + 5/3*o**3. Give x(-6).
-15
Let s(w) = -w - 5. Let f = -15 + 23. Suppose 2*x + 22 = 26. Suppose -f = x*c - c. Calculate s(c).
3
Suppose -3 = 6*u - 5*u + 3. Let r(v) = -v**2 - 12*v - 35. Determine r(u).
1
Suppose 3*v - 9 = 9*j - 6*j, -5*j = -v + 7. Let i(y) = -30*y - 49. Let q be i(j). Let a(d) = d**3 + 20*d**2 + 18*d - 22. Calculate a(q).
-3
Let p(x) = -4*x**3 - 5*x**2 + x + 10. Let m(y) = -y**3 + y + 1. Let o(f) = -5*m(f) + p(f). Suppose -95 = 2*b - 21*b. Calculate o(b).
-15
Let o(r) = -4 + 190*r**3 - 2*r + 198*r**3 - 585*r**3 + 196*r**3 + 3*r**2. Give o(-1).
2
Let q(p) be the first derivative of p**4/12 + p**3 + 5*p**2/2 + 283*p - 41. Let v(x) be the first derivative of q(x). Calculate v(-4).
-3
Let b = 18301 - 18300. Let s(l) = 48*l**2 - 6*l + 4. Determine s(b).
46
Let q(a) = a + 17. Let o be q(-15). Suppose o*h = -0*f - 3*f + 29, -20 = -5*h. Let x(y) = f*y + 10*y + 4 - 18*y. Calculate x(7).
-3
Let b(c) = 2*c**2 + 13*c - 3. Suppose -3*g = 3*o + 33, -235 = 22*o + 3*o + 5*g. Calculate b(o).
42
Let s(m) = -17*m**2 - 4*m + 12*m - 4*m - 3*m - 34*m**2. Give s(-1).
-52
Let x(g) = 8*g**3 + g**2 + g - 2. Let v be 2 - (2/(-20))/(34/(-340)). What is x(v)?
8
Let u be 8/10 + (-11)/110*-452. Let o(w) = 3 - 51*w - w**2 + u*w - 5 - 1. Determine o(-5).
-3
Let f(v) = -55 - 51 - v - 60 + 287 - 64 - 54. Let s be (-1 - 1) + -1 + -2. Give f(s).
8
Suppose -360*h + 65 = -347*h. Let l(z) = -z**2 + 11*z - 23. Give l(h).
7
Suppose -d = 4*l - 4 - 12, 3*l = 12. Let z(x) = 25*x - 15. Let s(i) = -32*i + 20. Let q(u) = 7*s(u) + 9*z(u). Calculate q(d).
5
Let x(l) be the second derivative of -l**7/840 - l**6/72 - l**5/40 - l**4/8 - l**3/6 - 95*l**2/2 + 143*l. Let f(d) be the second derivative of x(d). Give f(-4).
-7
Let g be (9 - 1/1) + -6. Let a(h) = 17*h + 1. Let o(y) = -43*y - 2. Let d(n) = g*o(n) + 5*a(n). Suppose 4*w - k = 15, -3*w = -3*k - 7 - 11. What is d(w)?
-2
Let o(r) = 50*r**2 + 3*r - 3. Let j(b) = 93*b**2 + 6*b - 5. Let y(p) = -3*j(p) + 5*o(p). Give y(-2).
-110
Let k(b) = 1 - 107*b + 108*b + 2. Suppose -3*c - 4*x = -2*x, 3*c + 4*x = 0. Suppose -2*y + a + c*a - 10 = 0, 0 = 3*y + 3*a + 15. Determine k(y).
-2
Let z(d) = 11*d - 7. Let y be z(-2). Let j = y - -21. Let l be 1*j - (-6)/12*4. Let t(i) = 3*i + 8. What is t(l)?
-10
Let m(b) = 4*b - 4. Let k(f) = 34*f + 1. Let v be k(-2). Let z be -30 + 12737/141 - (10/(-6) + 0). Let x = v + z. Determine m(x).
-24
Let w(c) = 9691 - 4921 - 5003 - 57*c. Give w(-4).
-5
Suppose -514*x + 28 = -500*x. Let c(l) be the third derivative of 7*l**x + 0 + 1/6*l**4 + 0*l + 1/3*l**3. Calculate c(2).
10
Let c(k) = -2*k**2 - 4*k + 38. Suppose 0 = -106*y - 116*y - 1554. Calculate c(y).
-32
Let u(w) = 3*w + 3. Let d(b) be the second derivative of b**5/10 + b**4/4 + b**3/2 + 3*b**2 - b - 5. Let i be d(-2). Calculate u(i).
-9
Let c(d) be the second derivative of -d**5/20 - 7*d**4/12 + 3*d**3 + d**